10*y - 9. Let b = 113 - 23. What is the highest common factor of y and b?
18
Let z(u) = -3*u + 20*u**2 - u + 0*u - u. Let y be z(3). Let n be -22*(-4)/((-16)/(-6)). What is the greatest common factor of n and y?
33
Let r(h) = 2*h**2 - 14*h - 10. Let s be r(9). What is the greatest common divisor of s and 1066?
26
Let s be (-48)/20 + 4/10. Suppose -100 = k - 64. Let v be s/((-2)/(-40)*k/27). Calculate the highest common divisor of 75 and v.
15
Let n = 992 - 914. Calculate the highest common divisor of 210 and n.
6
Suppose 1575*y - 360 = 1563*y. Let q be (2/(-4))/((-2)/(-32)). Let p = y + q. What is the highest common factor of p and 2?
2
Let w(r) = r**2 + 20*r + 22. Let t be w(-19). Let s(d) = -t*d + 67 + d - 48 + d. Let z be s(9). What is the greatest common factor of 40 and z?
10
Let w be 1 + -9 + 12 - (1 + 7). Let q be 48216/1271 - w/62. What is the greatest common factor of 456 and q?
38
Suppose -720 = c - 6*c. Let t be (7 - 1) + (11 - 15). Let p(n) = 10*n**2 - 5*n + 6. Let q be p(t). Calculate the greatest common factor of c and q.
36
Suppose -2*w + 4 + 0 = 0. Suppose 27 = w*p - 29. Suppose 0 = -25*l + p*l - 18. Calculate the greatest common divisor of 6 and l.
6
Let r = 46320 + -34348. What is the greatest common factor of 123 and r?
41
Let k be (-155)/(2/(98/(-7))). Calculate the greatest common divisor of k and 350.
35
Let s be 1*(6 + -12) + 0 - -13. Let a = -17 + 45. What is the highest common divisor of s and a?
7
Suppose -2*y - 33 + 131 = 4*b, 4*y - 121 = -5*b. Calculate the highest common divisor of 3425 and b.
25
Let o be 51/85 - 4/((-40)/834). What is the greatest common divisor of 112 and o?
28
Suppose -111*a = 19862 - 130751. What is the greatest common factor of 27 and a?
27
Let c = -773 - -777. Suppose -i - c*h = 8, 3*i - 2*h + 4*h = 26. Calculate the highest common divisor of i and 24.
12
Let u = -1213 - -1363. Calculate the highest common divisor of u and 2150.
50
Let h = 1994 + -1959. Suppose 0 = -11*v + 9*v + 490. What is the highest common divisor of h and v?
35
Suppose 6*t = 16*t - 70. Let h(j) = 2*j**2 - 2*j - 57. Let z be h(t). Calculate the highest common factor of 189 and z.
27
Let n(s) = -11*s + 6*s - 37*s - 10. Let h be n(-5). Let a be 480/(-9)*(-195)/130. What is the highest common divisor of a and h?
40
Suppose -3398*d = -3411*d + 6786. Calculate the highest common factor of 378 and d.
18
Let j = 74 + -74. Suppose -5*h + 4*h = j. Suppose h = 4*a - 36 - 28. What is the greatest common divisor of a and 144?
16
Suppose 27*b - 3920 = 7*b. Let d = 214 - b. What is the highest common factor of 117 and d?
9
Let m be 1709*48/(11 - 3) + 0 + 7. Calculate the greatest common factor of m and 31.
31
Let n = 2354 - 2123. What is the greatest common divisor of 33 and n?
33
Let t(j) = -1057*j + 10141. Let s be t(-9). What is the highest common divisor of 62 and s?
62
Let r = -11705 - -11724. Calculate the greatest common factor of r and 38.
19
Let b = 60 - 20. Suppose 0 = 4*y - 5*w + 69, -5*y + 0*y - b = 3*w. Let n = y - -15. What is the highest common factor of n and 4?
4
Let z = 5756 - 5697. What is the greatest common factor of 4 and z?
1
Let y(b) = b**2 - 7*b + 5. Let i be y(4). Let g(s) = -38*s + 8 + 22*s + 15*s. Let k be g(i). Calculate the greatest common divisor of k and 150.
15
Let u = 51 - 21. Let w = -4468 + 4538. Calculate the greatest common divisor of u and w.
10
Let t be 13 + 4 + 74 + -49. What is the highest common factor of t and 7966?
14
Let a(t) = 34*t - 28. Let b be a(6). Let l be (-2)/(-1 - 18/(-14)). Let c be (b/5)/(l/(-35)). Calculate the greatest common factor of 22 and c.
22
Let p be ((-272)/612)/((-2)/855). Let h(i) = i**3 - 18*i**2 + 18*i - 7. Let d be h(17). What is the greatest common divisor of d and p?
10
Let m(h) = -7*h - 223. Let v be m(-30). Suppose -2*z = -4*z + 5*p + 51, -15 = 3*p. Let c = z - v. What is the highest common divisor of c and 65?
13
Suppose -5*n = -2*n - 270. Let l(c) be the first derivative of -2*c**3/3 + 21*c**2 - 30*c - 9. Let d be l(20). Calculate the greatest common divisor of n and d.
10
Suppose -20 = 5*r - 5*n, -5*r - n + 23 = 55. Let m be 80/(((-2)/r)/((-9)/(-54))). What is the highest common divisor of 10 and m?
10
Suppose 85*r + 18 = 91*r. Suppose 0 = -r*f + 237 - 36. Calculate the greatest common factor of 1 and f.
1
Let d(u) = 2*u**2 - 92*u - 7. Let r be d(-12). Let b = r + -934. What is the highest common divisor of b and 41?
41
Suppose -9*g + 4*g = -15. Let a be (-5)/150*g - 1452/(-120). What is the greatest common factor of 276 and a?
12
Suppose 2*x = 3*x + 3*z - 2, -5*x = 4*z - 21. Suppose -r = x - 17. What is the greatest common divisor of 96 and r?
12
Suppose 5*x - 2*m = 4286, m + 168 = -x + 1028. Calculate the highest common divisor of 715 and x.
143
Suppose 3*n = -16 + 91. Suppose 0 = -k + 36 - n. What is the highest common divisor of k and 143?
11
Let u(p) = p**2 - 348*p + 13987. Let z be u(46). Let o = -2 - 0. Let l be o/(-5) - 376/(-10). Calculate the highest common factor of l and z.
19
Let v = 573 - 299. Suppose -a = -v + 40. Let f = -11789 - -11815. Calculate the highest common factor of a and f.
26
Let v = 8 + -41. Let a = v - -65. Suppose -102*h + 98*h - x + 4 = 0, -2*h + 16*x + 200 = 0. Calculate the greatest common factor of h and a.
4
Let l = -662 + 659. Let z be -72*((-7)/(-28) + l). What is the highest common factor of 495 and z?
99
Let n = -1 + 10. Let g = 1904 + -1823. What is the greatest common factor of g and n?
9
Suppose -4*s - 11 = 85. Let h = s + 27. Suppose h*d - 15 = 9. What is the highest common factor of d and 64?
8
Let r be (-92)/(-8)*78 + 105/35. Calculate the greatest common divisor of 850 and r.
50
Suppose 115484 = 107*m - 16340. What is the greatest common factor of 2576 and m?
112
Suppose -4*v + 26 = -n - 55, 0 = 2*n + 2. Let l(f) = 10*f + 6 - f**2 + 6 - v*f. Let w be l(-10). Calculate the highest common factor of w and 4.
4
Let s be (6 + 1)/(2/6). Let k be ((-78588)/(-150) - -1) + (-2)/(-25). Calculate the highest common divisor of s and k.
21
Let t be (5/(-2))/((-2)/4). Suppose 0 = t*b - 29 + 9, -2*b + 108 = 5*o. Suppose 4*m - 150 = -m. Calculate the highest common divisor of m and o.
10
Suppose -121 = -4*o + 551. Let f = 88 + -60. Calculate the greatest common factor of o and f.
28
Let y(c) = 61*c + 614. Let r be y(-10). Suppose 0 = 2*d + 3*n - 117, r*d - n - 35 - 206 = 0. Let h = 12 + 88. What is the greatest common factor of h and d?
20
Let q(y) = 8163*y - 8162. Let s be q(1). Let w = 4 + 0. What is the greatest common divisor of s and w?
1
Let f(s) = -s**2 + 3*s + 16. Let o(u) = u + 1. Let t(l) = f(l) + 3*o(l). Let k be t(8). Calculate the highest common divisor of k and 9.
3
Suppose 30*p + 48 = 18*p. Let h be ((-10)/p)/((-5)/(-24)). What is the highest common divisor of h and 204?
12
Let f = 145 - 72. Suppose 74*t - f*t = 35. Calculate the highest common factor of t and 35.
35
Suppose 28*r + 12*r + 63*r - 14214 = 0. What is the greatest common factor of r and 37398?
138
Suppose -d + 2 + 4 = 0. Let s = -122719 - -122737. What is the greatest common factor of s and d?
6
Let u(w) be the second derivative of -w**3 + 69*w**2/2 - 14*w - 3. Let d be u(-11). What is the greatest common divisor of 15 and d?
15
Suppose u = f - 135, -19 - 1 = -4*f. Let p = u - -136. What is the greatest common factor of p and 39?
3
Let p(x) = 5*x + 63. Let l be p(-13). Let b(i) = 6*i**2 - 7*i - 6. Let o be b(l). Calculate the greatest common factor of 24 and o.
8
Let f = -4251 - -4523. Suppose -35 - 109 = -3*u. What is the greatest common divisor of f and u?
16
Let x = 4672 - 4139. Calculate the greatest common divisor of x and 377.
13
Let p = 114 + -126. Let d be 2/4*(18 - 6 - p). Let r(m) = m + 4. Let s be r(4). What is the highest common divisor of s and d?
4
Let h be 2/11 + 1064/77 - 2. Let p be 54/(-6 + h)*13. Calculate the greatest common divisor of p and 13.
13
Suppose 352 = d + d. Suppose 0 = -h - h + d. What is the greatest common factor of h and 8?
8
Let q be (-4)/(-6) + (-620)/(-6). Suppose -566 - 292 = -22*l. Suppose -l + 4 = -x - 2*c, q = 4*x - c. What is the greatest common divisor of x and 9?
9
Let f = -4527 + 4911. Calculate the highest common divisor of 624 and f.
48
Let z be (-38)/399 + 17957/21. Suppose 5*p - 86 = 139. Calcula